[INFO] fetching crate core_bluetooth 0.1.0...
[INFO] checking core_bluetooth-0.1.0 against try#72f88fc4e9458f89516a0b8b0868f3718aec5b47 for pr-74989
[INFO] extracting crate core_bluetooth 0.1.0 into /workspace/builds/worker-6/source
[INFO] validating manifest of crates.io crate core_bluetooth 0.1.0 on toolchain 72f88fc4e9458f89516a0b8b0868f3718aec5b47
[INFO] running `Command { std: "/workspace/cargo-home/bin/cargo" "+72f88fc4e9458f89516a0b8b0868f3718aec5b47" "read-manifest" "--manifest-path" "Cargo.toml", kill_on_drop: false }`
[INFO] started tweaking crates.io crate core_bluetooth 0.1.0
[INFO] finished tweaking crates.io crate core_bluetooth 0.1.0
[INFO] tweaked toml for crates.io crate core_bluetooth 0.1.0 written to /workspace/builds/worker-6/source/Cargo.toml
[INFO] crate crates.io crate core_bluetooth 0.1.0 already has a lockfile, it will not be regenerated
[INFO] running `Command { std: "/workspace/cargo-home/bin/cargo" "+72f88fc4e9458f89516a0b8b0868f3718aec5b47" "fetch" "--locked" "--manifest-path" "Cargo.toml", kill_on_drop: false }`
[INFO] [stderr]  Downloading crates ...
[INFO] [stderr]   Downloaded enumflags2_derive v0.6.4
[INFO] [stderr]   Downloaded enumflags2 v0.6.4
[INFO] [stderr]   Downloaded macaddr v1.0.1
[INFO] running `Command { std: "docker" "create" "-v" "/var/lib/crater-agent-workspace/builds/worker-6/target:/opt/rustwide/target:rw,Z" "-v" "/var/lib/crater-agent-workspace/builds/worker-6/source:/opt/rustwide/workdir:ro,Z" "-v" "/var/lib/crater-agent-workspace/cargo-home:/opt/rustwide/cargo-home:ro,Z" "-v" "/var/lib/crater-agent-workspace/rustup-home:/opt/rustwide/rustup-home:ro,Z" "-e" "SOURCE_DIR=/opt/rustwide/workdir" "-e" "CARGO_TARGET_DIR=/opt/rustwide/target" "-e" "CARGO_HOME=/opt/rustwide/cargo-home" "-e" "RUSTUP_HOME=/opt/rustwide/rustup-home" "-w" "/opt/rustwide/workdir" "-m" "1610612736" "--user" "0:0" "--network" "none" "rustops/crates-build-env@sha256:d92eaeed33fa75130ca1ee6c8a01d1ffb62bac859dfdfb3450e3e5d1c0146529" "/opt/rustwide/cargo-home/bin/cargo" "+72f88fc4e9458f89516a0b8b0868f3718aec5b47" "metadata" "--no-deps" "--format-version=1", kill_on_drop: false }`
[INFO] [stderr] WARNING: Your kernel does not support swap limit capabilities or the cgroup is not mounted. Memory limited without swap.
[INFO] [stdout] a5522366104400fae0b1209093a283fcfd745e84e27657ffa3ae0b713a4d7425
[INFO] running `Command { std: "docker" "start" "-a" "a5522366104400fae0b1209093a283fcfd745e84e27657ffa3ae0b713a4d7425", kill_on_drop: false }`
[INFO] running `Command { std: "docker" "inspect" "a5522366104400fae0b1209093a283fcfd745e84e27657ffa3ae0b713a4d7425", kill_on_drop: false }`
[INFO] running `Command { std: "docker" "rm" "-f" "a5522366104400fae0b1209093a283fcfd745e84e27657ffa3ae0b713a4d7425", kill_on_drop: false }`
[INFO] [stdout] a5522366104400fae0b1209093a283fcfd745e84e27657ffa3ae0b713a4d7425
[INFO] running `Command { std: "docker" "create" "-v" "/var/lib/crater-agent-workspace/builds/worker-6/target:/opt/rustwide/target:rw,Z" "-v" "/var/lib/crater-agent-workspace/builds/worker-6/source:/opt/rustwide/workdir:ro,Z" "-v" "/var/lib/crater-agent-workspace/cargo-home:/opt/rustwide/cargo-home:ro,Z" "-v" "/var/lib/crater-agent-workspace/rustup-home:/opt/rustwide/rustup-home:ro,Z" "-e" "SOURCE_DIR=/opt/rustwide/workdir" "-e" "CARGO_TARGET_DIR=/opt/rustwide/target" "-e" "CARGO_INCREMENTAL=0" "-e" "RUST_BACKTRACE=full" "-e" "RUSTFLAGS=--cap-lints=forbid" "-e" "CARGO_HOME=/opt/rustwide/cargo-home" "-e" "RUSTUP_HOME=/opt/rustwide/rustup-home" "-w" "/opt/rustwide/workdir" "-m" "1610612736" "--user" "0:0" "--network" "none" "rustops/crates-build-env@sha256:d92eaeed33fa75130ca1ee6c8a01d1ffb62bac859dfdfb3450e3e5d1c0146529" "/opt/rustwide/cargo-home/bin/cargo" "+72f88fc4e9458f89516a0b8b0868f3718aec5b47" "check" "--frozen" "--all" "--all-targets" "--message-format=json", kill_on_drop: false }`
[INFO] [stderr] WARNING: Your kernel does not support swap limit capabilities or the cgroup is not mounted. Memory limited without swap.
[INFO] [stdout] d1f9dc08b538611d2aea2ad28c0c17ea3825b358f647502c90ffcac12ba52350
[INFO] running `Command { std: "docker" "start" "-a" "d1f9dc08b538611d2aea2ad28c0c17ea3825b358f647502c90ffcac12ba52350", kill_on_drop: false }`
[INFO] [stderr]    Compiling autocfg v1.0.0
[INFO] [stderr]    Compiling proc-macro2 v1.0.10
[INFO] [stderr]    Compiling libc v0.2.69
[INFO] [stderr]    Compiling unicode-xid v0.2.0
[INFO] [stderr]    Compiling syn v1.0.18
[INFO] [stderr]    Compiling version_check v0.9.1
[INFO] [stderr]    Compiling memchr v2.3.3
[INFO] [stderr]     Checking lazy_static v1.4.0
[INFO] [stderr]    Compiling log v0.4.8
[INFO] [stderr]    Compiling cc v1.0.52
[INFO] [stderr]    Compiling pkg-config v0.3.17
[INFO] [stderr]     Checking cfg-if v0.1.10
[INFO] [stderr]    Compiling bitflags v1.2.1
[INFO] [stderr]    Compiling unicode-segmentation v1.6.0
[INFO] [stderr]    Compiling proc-macro-hack v0.5.15
[INFO] [stderr]    Compiling anyhow v1.0.28
[INFO] [stderr]     Checking unicode-width v0.1.7
[INFO] [stderr]     Checking regex-syntax v0.6.17
[INFO] [stderr]     Checking quick-error v1.2.3
[INFO] [stderr]     Checking vec_map v0.8.2
[INFO] [stderr]     Checking strsim v0.10.0
[INFO] [stderr]     Checking os_str_bytes v2.3.0
[INFO] [stderr]     Checking macaddr v1.0.1
[INFO] [stderr]     Checking hex v0.4.2
[INFO] [stderr]     Checking thread_local v1.0.1
[INFO] [stderr]     Checking textwrap v0.11.0
[INFO] [stderr]     Checking humantime v1.3.0
[INFO] [stderr]    Compiling heck v0.3.1
[INFO] [stderr]    Compiling proc-macro-error-attr v0.4.12
[INFO] [stderr]    Compiling proc-macro-error v0.4.12
[INFO] [stderr]    Compiling num-traits v0.2.11
[INFO] [stderr]    Compiling indexmap v1.3.2
[INFO] [stderr]    Compiling num-integer v0.1.42
[INFO] [stderr]     Checking aho-corasick v0.7.10
[INFO] [stderr]    Compiling openssl-sys v0.9.55
[INFO] [stderr]    Compiling hex-literal-impl v0.2.1
[INFO] [stderr]    Compiling quote v1.0.3
[INFO] [stderr]     Checking atty v0.2.14
[INFO] [stderr]     Checking malloc_buf v0.0.6
[INFO] [stderr]     Checking time v0.1.43
[INFO] [stderr]     Checking objc v0.2.7
[INFO] [stderr]     Checking hex-literal v0.2.1
[INFO] [stderr]     Checking chrono v0.4.11
[INFO] [stderr]     Checking regex v1.3.7
[INFO] [stderr]     Checking env_logger v0.7.1
[INFO] [stderr]    Compiling syn-mid v0.5.0
[INFO] [stderr]    Compiling enumflags2_derive v0.6.4
[INFO] [stderr]    Compiling clap_derive v3.0.0-beta.1
[INFO] [stderr]     Checking enumflags2 v0.6.4
[INFO] [stderr]     Checking core_bluetooth v0.1.0 (/opt/rustwide/workdir)
[INFO] [stdout] error[E0455]: native frameworks are only available on macOS targets
[INFO] [stdout]   --> src/platform.rs:15:1
[INFO] [stdout]    |
[INFO] [stdout] 15 | #[link(name = "AppKit", kind = "framework")]
[INFO] [stdout]    | ^^^^^^^^^^^^^^^^^^^^^^^^^^^^^^^^^^^^^^^^^^^^
[INFO] [stdout] 
[INFO] [stdout] 
[INFO] [stdout] error[E0455]: native frameworks are only available on macOS targets
[INFO] [stdout]   --> src/platform.rs:16:1
[INFO] [stdout]    |
[INFO] [stdout] 16 | #[link(name = "Foundation", kind = "framework")]
[INFO] [stdout]    | ^^^^^^^^^^^^^^^^^^^^^^^^^^^^^^^^^^^^^^^^^^^^^^^^
[INFO] [stdout] 
[INFO] [stdout] 
[INFO] [stdout] error[E0455]: native frameworks are only available on macOS targets
[INFO] [stdout]   --> src/platform.rs:17:1
[INFO] [stdout]    |
[INFO] [stdout] 17 | #[link(name = "CoreBluetooth", kind = "framework")]
[INFO] [stdout]    | ^^^^^^^^^^^^^^^^^^^^^^^^^^^^^^^^^^^^^^^^^^^^^^^^^^^
[INFO] [stdout] 
[INFO] [stdout] 
[INFO] [stdout] error: aborting due to 3 previous errors
[INFO] [stdout] 
[INFO] [stdout] 
[INFO] [stdout] For more information about this error, try `rustc --explain E0455`.
[INFO] [stdout] 
[INFO] [stderr] error: could not compile `core_bluetooth`.
[INFO] [stderr] 
[INFO] [stderr] To learn more, run the command again with --verbose.
[INFO] [stderr] warning: build failed, waiting for other jobs to finish...
[INFO] [stderr] error: build failed
[INFO] running `Command { std: "docker" "inspect" "d1f9dc08b538611d2aea2ad28c0c17ea3825b358f647502c90ffcac12ba52350", kill_on_drop: false }`
[INFO] running `Command { std: "docker" "rm" "-f" "d1f9dc08b538611d2aea2ad28c0c17ea3825b358f647502c90ffcac12ba52350", kill_on_drop: false }`
[INFO] [stdout] d1f9dc08b538611d2aea2ad28c0c17ea3825b358f647502c90ffcac12ba52350
